
Let p(f) = 32*f**3 + 4*f - 3. Let r be p(1). Let j(q) = -r*q + 5 - 14 + 42*q. List the prime factors of j(12).
3, 11
Let b(d) = -d - 2. Let k be b(-20). Let m = -22 + k. What are the prime factors of 1/m*(-846)/(-3)*-2?
3, 47
Let k(a) = -a**3 - 34*a**2 + 37*a + 80. Let v be k(-35). Suppose v*d - 7*d = 3*f + 1779, 0 = -5*f + 20. List the prime factors of d.
3, 199
List the prime factors of (-240)/56*(-31304)/12.
2, 5, 13, 43
Suppose -6*d = 6672 + 2844. Let i be 1/(-2)*(-12 - d). List the prime factors of 6/(-36) + i/(-6).
131
Let c = -58688 + 106497. What are the prime factors of c?
47809
Suppose 3*j = -5*x + 113951, -44 = -5*x - 69. What are the prime factors of j?
2, 3, 1583
Suppose 4*h - 2*p - 24 = -4, 0 = 4*h - 5*p - 20. Suppose 389 + 1641 = h*x. List the prime factors of x.
2, 7, 29
Let j = 226 + 1019. Suppose 9*k + j = 2*v + 6*k, 5*v = -4*k + 3124. List the prime factors of v.
2, 3, 13
Suppose 0 = -15*m + 61970 - 11639 + 34989. What are the prime factors of m?
2, 3, 79
Let q(s) = 632*s**3 - 11*s**2 + 8*s - 17. List the prime factors of q(4).
3, 13, 1033
Suppose 0 = -x - 3, -2*q + 116698 = 14*x - 18*x. List the prime factors of q.
41, 1423
Suppose 4*u - 20 = 0, 5*z - 20 = 5*u + 40. Let w = 27 - z. Let p(r) = r**3 - 11*r**2 + 10*r + 18. List the prime factors of p(w).
2, 3
Let x be ((-3)/4)/(-6*(-1)/(-32)). Suppose -r + x*k = -153, 0 = r + 19*k - 21*k - 157. List the prime factors of r.
7, 23
Let m be 1/((-105)/27 + 4). Suppose m*l - 15 = 6*l. Suppose i = l*i - 40. What are the prime factors of i?
2, 5
What are the prime factors of (((-34836)/(-14))/3)/(324/2268)?
2, 2903
Suppose -5*g - 2*y - 66 = 0, 4*g + 57 = -4*y + y. List the prime factors of ((-4068)/(-24))/((-9)/g).
2, 113
Suppose -40*a + 718516 = -387604. List the prime factors of a.
27653
Suppose 3*j = 4*x - 8, -4*j = -14 - 2. Let z(p) = 101*p - 23. What are the prime factors of z(x)?
2, 241
Suppose -315*h - 4 = -314*h, 2*f = 2*h - 54. Suppose -18 = -3*o + 2*o. Let x = o - f. What are the prime factors of x?
7
Let u be ((-16)/(-10))/(16/200). Suppose 19*c - 16*c - 3234 = -3*v, -5*c - u = 0. What are the prime factors of v?
2, 541
Suppose 0 = -5*o - 35, -28703 = -2*j + o + 64802. List the prime factors of j.
3, 15583
Let l(j) be the third derivative of 23*j**5/60 + 3*j**4/8 - 3*j**3 + 51*j**2 - 2*j. List the prime factors of l(4).
2, 193
Let h(q) = q**2 + 9*q + 9. Suppose 6*v = 4*v - 14. Let d be h(v). What are the prime factors of d/((-70)/4) + 698/7?
2, 5
Let p = 370 - 385. List the prime factors of -4 + 1786 - 8/((-40)/p).
3, 593
Suppose 4*n = 8, 3*b - 4*n - 18525 - 7423 = 0. What are the prime factors of b?
2, 3, 7, 103
Let j(f) = 2*f**2 + 20*f - 19. Let l be j(-10). Let m = -382 + 178. Let r = l - m. List the prime factors of r.
5, 37
What are the prime factors of 10586 + 8 + -24 + 19?
10589
Suppose 0 = 2*n - 9 - 1. Let l be (339/(-6))/(n/(-10)). Suppose -3*c - c + 221 = -5*i, 0 = -2*c + 5*i + l. List the prime factors of c.
2, 3
Suppose -20045 + 9155 = -5*v + 25425. List the prime factors of v.
3, 269
Let s = 414 - 415. What are the prime factors of (s/3)/((-4)/16692)?
13, 107
List the prime factors of ((-4)/(-12))/(1138107/142263 - 8).
3, 11, 479
Let f = 6406 + 5420. What are the prime factors of f?
2, 3, 73
Suppose 16*g + 8110 = -19*g + 282615. What are the prime factors of g?
11, 23, 31
Let i(y) = -1118*y - 303. List the prime factors of i(-6).
3, 5, 7, 61
Let j = -15 + -5. Let d be 3/((-3)/j*5). Let h(a) = 7*a**2 - 5*a + 1. What are the prime factors of h(d)?
3, 31
Suppose 3*j - 175 = 5*t - 8420, 3298 = 2*t - 2*j. Let d = 2518 - t. List the prime factors of d.
11, 79
Suppose 0*o = -3*o + 750. Let a = o - 679. What are the prime factors of 1/2 + a/(-6)?
2, 3
Let c(p) = -2*p**2 + 9*p - 10. Let s be (2/2 - -3) + -8 + 7. Let d be c(s). What are the prime factors of 139 - d*(-2 - (0 + 1))?
2, 17
Let o = -513 + 807. Suppose 2*k = -3*h + 1377, 2*k + 2*h - 1088 - o = 0. Suppose -7*p = -11*p + k. What are the prime factors of p?
2, 3, 29
Let y(u) be the third derivative of u**5/30 + 3*u**4/4 - 10*u**3/3 - 10*u**2. Let w(m) be the first derivative of y(m). List the prime factors of w(4).
2, 17
Let k(p) = -39*p - 36. Suppose 0 = 4*q + 3*r + 216, -5*q - r + 27 = 297. Let j = q - -50. What are the prime factors of k(j)?
2, 3, 5
Let v be (-4)/28 - 888/7. Suppose -4*b = -5*f - 1146, 0 = -b + 8*f - 3*f + 279. Let r = b + v. List the prime factors of r.
2, 3
Suppose -7 = 5*k - 17. Let m be (-7)/(14/(-12)) - k. Suppose -m*w - 24 = -6*w. List the prime factors of w.
2, 3
Suppose -13*l + 3240 + 1571 - 1431 = 0. Suppose -2*y = -5*k - 503, -y - 70 = k + 25. Let v = k + l. List the prime factors of v.
7, 23
Let m be (1/(-2))/((-2)/(2 + 3714)). Let r = m - -735. List the prime factors of r.
2, 13
Let a(x) = 8*x**2 + 14*x + 3. Let p be a(7). What are the prime factors of (p - 6)*3/(-6)*-2?
487
Suppose -4*z + r + 23914 = 0, 4*r - 19299 - 10583 = -5*z. List the prime factors of z.
2, 7, 61
Suppose -13180629 - 1139035 = -367*n + 11777706. List the prime factors of n.
2, 5, 13, 547
Let z = -228 + 221. Let h(j) = -3*j**3 - 20*j**2 + 6*j + 5. What are the prime factors of h(z)?
2, 3
Let j be 2/5 + 69/(-45)*-3. Suppose u - 120 = j*u. What are the prime factors of ((-1030)/u)/((-1)/(-3))?
103
Let u be ((-6)/9)/(8/(-24)). Let j(q) = 48*q**3 - q**2 + q + 1. List the prime factors of j(u).
383
Let q = 73 + -73. Let m(d) = -d**3 - 4*d**2 + 6*d + 7. Let x be m(-5). Suppose -x*h = g - 292, -3*h = -q*h + 2*g - 438. List the prime factors of h.
2, 73
Suppose 0 = -5*i + 2*z + 19406 + 40245, -59672 = -5*i - z. List the prime factors of i.
11933
Suppose 0 = 14*m - 4104 - 1496. List the prime factors of m.
2, 5
Suppose -4 = -2*u + 2. Let p = 11 + -9. Suppose -i + u*z + 14 = -8, 0 = -p*i + 4*z + 52. What are the prime factors of i?
2, 17
Let u(t) = -28*t - 8. Let h be u(-6). Suppose -3*z - h = -4*a, -2*a + 5*z + 116 = 22. Let o = 5 + a. List the prime factors of o.
2, 3, 7
Let r(t) = 8*t - 69. Let w be r(9). What are the prime factors of 340 - 1*(w - 7) - 2?
2, 3, 19
What are the prime factors of -16895*(-31 + 27 - 19/(-5))?
31, 109
Let j(x) = -4*x**3 - 5*x**2 + x + 1. Let y be j(-2). Suppose 2*q - 5*z + 22 = q, z = -2*q + y. Suppose -q*n - 6*n = -1476. What are the prime factors of n?
2, 41
Suppose c + 4*w + 304 = 852, 4*c - 2228 = 2*w. Let o = 836 - c. What are the prime factors of o?
2, 5, 7
Suppose 136*g + 51620 = 156*g. What are the prime factors of g?
29, 89
Suppose -x = -4*b + 12, 3*x = 5*b - 3 - 12. Let j be (21 + 3)*1/b. Let a = 66 + j. What are the prime factors of a?
2, 37
Let r = -3343 - -7284. Suppose 0 = 3*m - 3*y - 3933, 0*m = -3*m + y + r. List the prime factors of m.
5, 263
Let f = -7 + 12. Suppose -5*m = -f - 135. Suppose 3*j = 26 + m. What are the prime factors of j?
2, 3
Let f be (-78 - -1) + (-10)/(-5). Let b = 175 + f. Let h = b - -106. List the prime factors of h.
2, 103
Let b(f) = 16*f + 16. Suppose 6*l - 8*l + 12 = 0. Let a(i) = -95*i - 95. Let r(j) = l*a(j) + 35*b(j). What are the prime factors of r(-3)?
2, 5
Let n be (9 + (2 - -5))*3/(-4). List the prime factors of (6/4)/(n/(-2904)).
3, 11
Let m be (3/6*826)/(0 - 1). Let v = m + 935. Let l = v + -280. What are the prime factors of l?
2, 11
Let z(y) = 24*y - 35. Suppose -f + 5*t - 7 = -3, -8 = -4*t. What are the prime factors of z(f)?
109
Suppose 2406003 = 72*n - 1586821 + 1036504. List the prime factors of n.
2, 5, 2053
Suppose -s + 4*l = 1656, 5*l = 6*l - 1. Let w = s + 2330. What are the prime factors of w?
2, 3, 113
Suppose q = -4*l - 286, 6*l = 4*q + l + 1165. Let y = q + -31. Let z = -60 - y. List the prime factors of z.
3, 29
List the prime factors of (1 - -29)*(714/5 - -28).
2, 3, 7, 61
Suppose 7 + 11 = 2*o. Let f be (12/2)/(o/(-12)). What are the prime factors of f/12 - (-780)/9?
2, 43
What are the prime factors of -3 - 18/(-1)*278?
3, 1667
Let d(x) = 53*x**3 - 2*x**2 - 7*x + 3. What are the prime factors of d(4)?
5, 23, 29
Suppose -158*j + 38124 = -473322. List the prime factors of j.
3, 13, 83
Suppose 3*o + 2407 - 973 = 0. Let n = 1022 + o. Let r = n - 319. What are the prime factors of r?
3, 5
Let h(y) = -58*y - 134. Let p be h(37). List the prime factors of (-1 - 0) + p/(-8).
2, 71
Let b = 3789 - 905. List the prime factors 